{"id":5523,"date":"2020-08-24T17:24:10","date_gmt":"2020-08-24T20:24:10","guid":{"rendered":"https:\/\/cyberhouse.shop\/?post_type=product&#038;p=5523"},"modified":"2025-10-16T13:14:57","modified_gmt":"2025-10-16T16:14:57","slug":"roteador-wireless-ac-greatek","status":"publish","type":"product","link":"https:\/\/cyberhouse.shop\/index.php\/produto\/roteador-wireless-ac-greatek\/","title":{"rendered":"Roteador Wireless AC Greatek"},"content":{"rendered":"<p><em>Com a nova gera\u00e7\u00e3o de padr\u00e3o Wi-Fi \u2013 802.11ac, 3 vezes mais r\u00e1pido que o padr\u00e3o convecional, o roteador GWR1200AC \u00e9 capaz de transmitir dados com taxas de transfer\u00eancia de at\u00e9 1200Mbps, ideal para quem precisa de mais velocidade na transmiss\u00e3o de dados, streaming de m\u00fasicas, v\u00eddeos HD e jogos online.<\/p>\n","protected":false},"excerpt":{"rendered":"<p><em>Com a nova gera\u00e7\u00e3o de padr\u00e3o Wi-Fi \u2013 802.11ac, 3 vezes mais r\u00e1pido que o padr\u00e3o convencional, o roteador GWR1200AC\u00a0\u00e9 capaz de transmitir dados com taxas de transfer\u00eancia de at\u00e9 1200Mbps, ideal para quem precisa de mais velocidade na transmiss\u00e3o de dados, streaming de m\u00fasicas, v\u00eddeos HD e jogos online.<\/em><\/p>\n","protected":false},"featured_media":5526,"comment_status":"open","ping_status":"closed","template":"","meta":[],"etheme_brands":[{"term_id":111,"name":"Greatek","slug":"greatek","term_group":0,"term_taxonomy_id":111,"taxonomy":"brand","description":"","parent":0,"count":2,"filter":"raw"}],"product_brand":[],"product_cat":[90,88],"product_tag":[113,112,108],"class_list":{"0":"post-5523","1":"product","2":"type-product","3":"status-publish","4":"has-post-thumbnail","6":"brand-greatek","7":"product_cat-conectividade","8":"product_cat-informatica","9":"product_tag-ac1200","10":"product_tag-greatek","11":"product_tag-roteador","13":"first","14":"instock","15":"taxable","16":"shipping-taxable","17":"purchasable","18":"product-type-simple"},"_links":{"self":[{"href":"https:\/\/cyberhouse.shop\/index.php\/wp-json\/wp\/v2\/product\/5523","targetHints":{"allow":["GET"]}}],"collection":[{"href":"https:\/\/cyberhouse.shop\/index.php\/wp-json\/wp\/v2\/product"}],"about":[{"href":"https:\/\/cyberhouse.shop\/index.php\/wp-json\/wp\/v2\/types\/product"}],"replies":[{"embeddable":true,"href":"https:\/\/cyberhouse.shop\/index.php\/wp-json\/wp\/v2\/comments?post=5523"}],"wp:featuredmedia":[{"embeddable":true,"href":"https:\/\/cyberhouse.shop\/index.php\/wp-json\/wp\/v2\/media\/5526"}],"wp:attachment":[{"href":"https:\/\/cyberhouse.shop\/index.php\/wp-json\/wp\/v2\/media?parent=5523"}],"wp:term":[{"taxonomy":"brand","embeddable":true,"href":"https:\/\/cyberhouse.shop\/index.php\/wp-json\/wp\/v2\/etheme_brands?post=5523"},{"taxonomy":"product_brand","embeddable":true,"href":"https:\/\/cyberhouse.shop\/index.php\/wp-json\/wp\/v2\/product_brand?post=5523"},{"taxonomy":"product_cat","embeddable":true,"href":"https:\/\/cyberhouse.shop\/index.php\/wp-json\/wp\/v2\/product_cat?post=5523"},{"taxonomy":"product_tag","embeddable":true,"href":"https:\/\/cyberhouse.shop\/index.php\/wp-json\/wp\/v2\/product_tag?post=5523"}],"curies":[{"name":"wp","href":"https:\/\/api.w.org\/{rel}","templated":true}]}}